66
In base 13, what is 4 - -13a?
141
In base 16, what is -3 + -57?
-5a
In base 5, what is 1114 - 114?
1000
In base 5, what is -3441333 + 2?
-3441331
In base 5, what is 44 - -141?
240
In base 8, what is 1161 + -5?
1154
In base 2, what is 1001 + -110111101?
-110110100
In base 9, what is 521 + -1?
520
In base 15, what is 51 + 6e?
c0
In base 3, what is 100 - -110110?
110210
In base 8, what is -4 - 72?
-76
In base 16, what is 5 + -8?
-3
In base 12, what is 39 - -9?
46
In base 5, what is -432204 + 1?
-432203
In base 7, what is -11 + -135?
-146
In base 7, what is 3 + 4564?
4600
In base 15, what is 4 - 17?
-13
In base 9, what is -550 - -11?
-538
In base 11, what is -4 + -1294?
-1298
In base 10, what is 0 - -1387?
1387
In base 13, what is -56 - 9?
-62
In base 2, what is 100000 - 11000?
1000
In base 7, what is 0 + 12?
12
In base 15, what is 5 + -52?
-4c
In base 8, what is 3 + -132?
-127
In base 13, what is 4 + -38?
-34
In base 15, what is -a4 + -12?
-b6
In base 3, what is -21000 + -12?
-21012
In base 16, what is 2 - -68?
6a
In base 4, what is -10 + -30030?
-30100
In base 2, what is -10 - 1111001?
-1111011
In base 16, what is 17f - -3?
182
In base 11, what is -350 + 16?
-335
In base 11, what is -a - 4?
-13
In base 11, what is 1005 + -5?
1000
In base 12, what is 1405 - 4?
1401
In base 4, what is 30030 + -10?
30020
In base 11, what is -5 + 57?
52
In base 8, what is 175 + 4?
201
In base 3, what is -12 - -20000?
12211
In base 4, what is -10212301 + 10?
-10212231
In base 16, what is 6c - -d?
79
In base 14, what is 54 - b?
47
In base 15, what is 654 + -b?
648
In base 14, what is -18 - 2?
-1a
In base 8, what is -3 - 613?
-616
In base 15, what is 112 + -17?
ea
In base 7, what is -3402 - 21?
-3423
In base 4, what is -300032 + 0?
-300032
In base 9, what is 1051 - -4?
1055
In base 3, what is 11120010 - 11?
11112222
In base 4, what is 1133 + 11?
1210
In base 13, what is 2 - -5b?
60
In base 4, what is -123 - -1?
-122
In base 14, what is 3 + -d?
-a
In base 13, what is 4 + 2c?
33
In base 16, what is 2 - 1a42?
-1a40
In base 13, what is 8 + b1b?
b26
In base 5, what is -100 - -3?
-42
In base 2, what is 10 - -1110101111?
1110110001
In base 14, what is 4 - 2d?
-29
In base 12, what is 2 + -4a?
-48
In base 4, what is 1000 - -12?
1012
In base 3, what is -2 - -221?
212
In base 6, what is -1330 + 11?
-1315
In base 2, what is -11 + 10010111100?
10010111001
In base 11, what is 29 - -2?
30
In base 2, what is -1000100 + -1100010?
-10100110
In base 10, what is 2751 - 5?
2746
In base 2, what is 100 + 100111011101?
100111100001
In base 15, what is -2 - -27?
25
In base 4, what is -11 - -13230?
13213
In base 5, what is -4132 + -4?
-4141
In base 8, what is -4 - 1412?
-1416
In base 4, what is 210012 + 12?
210030
In base 3, what is 2101111 + 22?
2101210
In base 16, what is -2 - -c1?
bf
In base 10, what is 16 + 1?
17
In base 16, what is -3 - 171?
-174
In base 7, what is 1 + 414?
415
In base 10, what is -41 - 20?
-61
In base 16, what is a - 3d?
-33
In base 10, what is -382 + 1?
-381
In base 12, what is 11bb - -3?
1202
In base 7, what is -24 - -42?
15
In base 8, what is 2 + 2610?
2612
In base 6, what is 104 + -50?
14
In base 4, what is -201 - 13133?
-20000
In base 5, what is 4 + -2041?
-2032
In base 12, what is 12 - 48?
-36
In base 16, what is 19 + -d4?
-bb
In base 15, what is -5 - -29ab?
29a6
In base 3, what is 0 - -21121020?
21121020
In base 5, what is -1 + 114423?
114422
In base 16, what is -14b + -2?
-14d
In base 7, what is -5 - 123?
-131
In base 12, what is 92 + 1?
93
In base 11, what is 2 + -1a?
-18
In base 5, what is 424 - 10?
414
In base 12, what is 4a14 - 5?
4a0b
In base 7, what is -2 + 146?
144
In base 16, what is 41 + 4?
45
In base 15, what is -4 - 22?
-26
In base 14, what is -782c + 1?
-782b
In base 15, what is -4 + 442?
43d
In base 12, what is -38 - -12?
-26
In base 7, what is -5 - 2241?
-2246
In base 12, what is 223 - 2?
221
In base 6, what is 1422 - -2?
1424
In base 5, what is 21 + 1201?
1222
In base 16, what is -10 - -e?
-2
In base 14, what is 4 + -149d?
-1499
In base 5, what is -31220 - -3?
-31212
In base 12, what is 11 - -5?
16
In base 16, what is 6c4 + -8?
6bc
In base 12, what is 28 - 4?
24
In base 16, what is -3a6 + 9?
-39d
In base 8, what is 3 + 130?
133
In base 13, what is -4 - 58?
-5c
In base 4, what is -12122 - -11?
-12111
In base 2, what is 100 + -111111?
-111011
In base 16, what is -100 - -69?
-97
In base 5, what is -2014 - 1?
-2020
In base 4, what is -1 - 110?
-111
In base 14, what is -2d + 1?
-2c
In base 15, what is -222 - -2?
-220
In base 2, what is -101 - 110001?
-110110
In base 3, what is -220100 + 21?
-220002
In base 14, what is 8 + -d31?
-d27
In base 13, what is -1 + 31?
30
In base 16, what is b + 77?
82
In base 16, what is 324 + 16?
33a
In base 4, what is -21111 + -10?
-21121
In base 13, what is -5b7 - 3?
-5ba
In base 9, what is -3633 - 5?
-3638
In base 15, what is -1 - 98?
-99
In base 12, what is -5 - 20?
-25
In base 7, what is -3 + -56?
-62
In base 3, what is 11 - -101202?
101220
In base 2, what is 1 - 110100100?
-110100011
In base 3, what is -121210 - 120?
-122100
In base 7, what is 520 + 4?
524
In base 13, what is 8c2 - 4?
8bb
In base 5, what is -200 - 323?
-1023
In base 7, what is 11 - -41?
52
In base 3, what is 100 + 110001?
110101
In base 16, what is -1 - -ea?
e9
In base 11, what is -6 + -12?
-18
In base 2, what is 111 - -111010?
1000001
In base 14, what is 2 + 1d8?
1da
In base 2, what is -1001100001 - -1?
-1001100000
In base 16, what is -e53 - -3?
-e50
In base 3, what is -2 + 1111?
1102
In base 7, what is 4 + -432?
-425
In base 9, what is 45 + -86?
-41
In base 13, what is -4 + 146a?
1466
In base 11, what is -21aa6 + 0?
-21aa6
In base 12, what is -3 - -2835?
2832
In base 11, what is -8 - -292?
285
In base 8, what is 4 - 72?
-66
In base 12, what is -12 + -a?
-20
In base 13, what is -38 - -154?
119
In base 9, what is 14300 + 4?
14304
In base 9, what is 3 + -1025?
-1022
In base 14, what is 235 + 2?
237
In base 11, what is 4 + 822?
826
In base 14, what is 1 - 44?
-43
In base 16, what is 1114 + 3?
1117
In base 16, what is -1 + -e9d?
-e9e
In base 7, what is -52 + -213?
-265
In base 5, what is -10 + 40444?
40434
In base 2, what is -10 + 1000011001?
1000010111
In base 7, what is -23506 + -4?
-23513
In base 15, what is 24e9 - 3?
24e6
In base 4, what is 111 - -11?
122
In base 14, what is -8 - -b?
3
In base 9, what is 1757 + -1?
1756
In base 10, what is -464 - 7?
-471
In base 8, what is 5 - -114?
121
In base 12, what is 8 - -12?
1a
In base 2, what is 10010001001 - 11?
10010000110
In base 3, what is -120 + -2?
-122
In base 4, what is 13 + -211?
-132
In base 13, what is -5 - -323?
31b
In base 8, what is 3 - 12420?
-12415
In base 2, what is 10001011 - 11?
10001000
In base 13, what is 231 + 0?
231
In base 14, what is -6 + -27?
-2d
In base 5, what is -4 - -11320?
11311
In base 12, what is 51 - 0?
51
In base 7, what is -121 + 30?
-61
In base 4, what is 1 - 20?
-13
In base 9, what is -5 - 18?
-24
In base 5, what is 10 - -3?
13
In base 4, what is -10 - -3221?
3211
In base 12, what is -3 - 3a?
-41
In base 15, what is 783 + -4?
77e
In base 8, what is 5 + 2142?
2147
In base 7, what is -1550 + -1?
-1551
In base 6, what is 2 - -1001?
1003
In base 11, what is 21 + 266?
287
In base 10, what is 0 - -446?
446
In base 15, what is -1 - -9?
8
In base 16, what is 1 + -ac?
-ab
In base 12, what is -2a4 - 5?
-2a9
In base 2, what is 100100101001 + -10?
100100100111
In base 11, what is 2980 + 0?
2980
In base 14, what is -86 + b?
-79
In base 2, what is -100000001101 + -10?
-100000001111
In base 13, what is -14923 + 5?
-1491b
In base 4, what is 22 - -230000?
230022
In base 9, what is 1 - 1436?
-1435
In base 3, what is -10120 + -102?
-10222
In base 13, what is -b30 - 5?
-b35
In base 12, what is -137a - -5?
-1375
In base 13, what is 2a - 82?
-55
In base 15, what is -8a + 2?
-88
In base 7, what is 3 - -35?
41
In base 16, what is -4 + -2be?
-2c2
In base 13, what is c - -52a?
539
In base 2, what is -110100101011 + 10?
-110100101001
In base 9, what is 280 + 1?
281
In base 6, what is 22 - 20?
2
In base 13, what is 1 + b83?
b84
In base 3, what is -10 + 1122212?
1122202
In base 14, what is 5 + -25?
-20
In base 3, what is -20 + -2021?
-2111
In base 14, what is -11 + -3?
-14
In base 3, what is 100